{"id":1876,"date":"2016-05-29T22:25:00","date_gmt":"2016-05-29T22:25:00","guid":{"rendered":"https:\/\/swistec.ch\/fr\/home\/"},"modified":"2018-06-01T07:11:13","modified_gmt":"2018-06-01T07:11:13","slug":"home","status":"publish","type":"page","link":"https:\/\/swistec.ch\/fr\/home\/","title":{"rendered":"Home"},"content":{"rendered":"<section class=\"wpb-content-wrapper\"><p>[vc_row css=\u00a0\u00bb.vc_custom_1464107759353{margin-bottom: 0px !important;}\u00a0\u00bb][vc_column css=\u00a0\u00bb.vc_custom_1464107786292{margin-bottom: 0px !important;}\u00a0\u00bb][vc_column_text css=\u00a0\u00bb.vc_custom_1527837056604{margin-top: 0px !important;margin-right: 0px !important;margin-bottom: 0px !important;margin-left: 0px !important;}\u00a0\u00bb]<\/p>\n<h1 class=\"vc_custom_heading\">Syst\u00e8mes pour la gestion d\u2019\u00e9nergie<\/h1>\n<p>Swistec Systems AG, situ\u00e9e \u00e0 Fehraltorf, est une entreprise performante dans le domaine de la t\u00e9l\u00e9commande centralis\u00e9e \u00e0 fr\u00e9quence musicale et de la gestion de charge, active sur les march\u00e9s suisse et international.[\/vc_column_text][\/vc_column][\/vc_row][vc_row gap=\u00a0\u00bb5&Prime; equal_height=\u00a0\u00bbyes\u00a0\u00bb][vc_column width=\u00a0\u00bb1\/3&Prime; css=\u00a0\u00bb.vc_custom_1464608746579{border-top-width: 0px !important;border-right-width: 0px !important;border-bottom-width: 0px !important;border-left-width: 0px !important;border-left-color: #f5f5f5 !important;border-left-style: none !important;border-right-color: #f5f5f5 !important;border-right-style: none !important;border-top-color: #f5f5f5 !important;border-top-style: none !important;border-bottom-color: #f5f5f5 !important;border-bottom-style: none !important;}\u00a0\u00bb][vc_single_image image=\u00a0\u00bb1265&Prime; img_size=\u00a0\u00bbmedium\u00a0\u00bb onclick=\u00a0\u00bbcustom_link\u00a0\u00bb link=\u00a0\u00bbhttps:\/\/swistec.ch\/fr\/rundsteuerung\/\u00a0\u00bb title=\u00a0\u00bbT\u00e9l\u00e9commande centralis\u00e9e\u00a0\u00bb css=\u00a0\u00bb.vc_custom_1465735619849{margin-top: 5px !important;margin-bottom: 15px !important;}\u00a0\u00bb][vc_column_text css=\u00a0\u00bb.vc_custom_1465739365547{margin-top: 0px !important;margin-bottom: 10px !important;padding-right: 5px !important;padding-left: 5px !important;}\u00a0\u00bb]Grace \u00e0 nos <a title=\"T\u00e9l\u00e9commande\" href=\"https:\/\/swistec.ch\/fr\/rundsteuerung\/\"><strong>syst\u00e8mes de t\u00e9l\u00e9commande centralis\u00e9e<\/strong><\/a>, vous commutez des charges \u00e9lectriques tels que des chauffe-eaux, pompes \u00e0 chaleur et les \u00e9clairages publics de mani\u00e8re rapide et extr\u00eamement fiable, et optimisez la gestion de votre r\u00e9seau de distribution.<\/p>\n<p>Notre gamme s\u2019\u00e9tend des syst\u00e8mes compacts pour un seul point d\u2019injection jusqu\u2019\u00e0 des syst\u00e8mes complexes centralis\u00e9es ou d\u00e9centralis\u00e9es avec plus de 100 \u00e9metteurs TCC et plusieurs salles de commande ou places de travail distants. Options utiles telles que le r\u00e9gulateur de charge compl\u00e8tent notre gamme.[\/vc_column_text][vc_btn title=\u00a0\u00bbEn savoir plus &#8230;\u00a0\u00bb color=\u00a0\u00bbprimary\u00a0\u00bb i_type=\u00a0\u00bbtypicons\u00a0\u00bb i_icon_typicons=\u00a0\u00bbtypcn typcn-arrow-loop\u00a0\u00bb add_icon=\u00a0\u00bbtrue\u00a0\u00bb link=\u00a0\u00bburl:https%3A%2F%2Fswistec.ch%2Ffr%2Frundsteuerung%2F|title:T%C3%A9l%C3%A9commande%20centralis%C3%A9e||\u00a0\u00bb css=\u00a0\u00bb.vc_custom_1473340997321{margin-left: 5px !important;}\u00a0\u00bb][\/vc_column][vc_column width=\u00a0\u00bb1\/3&Prime; css=\u00a0\u00bb.vc_custom_1464611073529{border-width: 0px !important;}\u00a0\u00bb][vc_single_image image=\u00a0\u00bb1430&Prime; img_size=\u00a0\u00bbmedium\u00a0\u00bb onclick=\u00a0\u00bbcustom_link\u00a0\u00bb link=\u00a0\u00bbhttps:\/\/swistec.ch\/fr\/smarte-loesungen\/\u00a0\u00bb title=\u00a0\u00bbSmartes Solutions\u00a0\u00bb css=\u00a0\u00bb.vc_custom_1465739832183{margin-top: 5px !important;margin-bottom: 15px !important;}\u00a0\u00bb][vc_column_text css=\u00a0\u00bb.vc_custom_1513869755842{margin-top: 0px !important;margin-bottom: 10px !important;padding-right: 5px !important;padding-left: 5px !important;}\u00a0\u00bb]Cr\u00e9ez la base id\u00e9ale pour votre Smart Grid, Smart Metering et Smart Home. Le syst\u00e8me <a title=\"CPL\" href=\"https:\/\/swistec.ch\/fr\/smarte-loesungen\/\"><strong>courant porteur \u00e0 large bande<\/strong><\/a> de notre partenaire \u00ab\u00a0Power Plus Communications SA\u00a0\u00bb permet la communication bidirectionnelle par les r\u00e9seaux moyenne et basse tension d\u00e9j\u00e0 existants. Bas\u00e9 sur IP, \u00e9volutif, rentable et p\u00e9renne.<\/p>\n<p>Gr\u00e2ce \u00e0 la plate-forme logicielle <a href=\"http:\/\/www.swistec.ch\/fr\/rks\/\" rel=\"noopener\"><strong>RKS+<\/strong><\/a>, vous ma\u00eetrisez \u00e0 tout moment vos charges et vos g\u00e9n\u00e9rateurs. Le syst\u00e8me RKS+ contr\u00f4le et coordonne les interrupteurs de charge via TCP\/IP, en tant que Syst\u00e8me Smart Grid autonome ou comme extension d&rsquo;un syst\u00e8me de t\u00e9l\u00e9commande centralis\u00e9e existant.[\/vc_column_text][vc_btn title=\u00a0\u00bbEn savoir plus &#8230;\u00a0\u00bb color=\u00a0\u00bbprimary\u00a0\u00bb i_type=\u00a0\u00bbtypicons\u00a0\u00bb i_icon_typicons=\u00a0\u00bbtypcn typcn-lightbulb\u00a0\u00bb add_icon=\u00a0\u00bbtrue\u00a0\u00bb link=\u00a0\u00bburl:https%3A%2F%2Fswistec.ch%2Ffr%2Fsmarte-loesungen%2F|title:Smart%20Grid||\u00a0\u00bb css=\u00a0\u00bb.vc_custom_1473341022837{margin-left: 5px !important;}\u00a0\u00bb][\/vc_column][vc_column width=\u00a0\u00bb1\/3&Prime; css=\u00a0\u00bb.vc_custom_1464608733906{border-top-width: 0px !important;border-right-width: 0px !important;border-bottom-width: 0px !important;border-left-width: 0px !important;border-left-color: #f5f5f5 !important;border-left-style: none !important;border-right-color: #f5f5f5 !important;border-right-style: none !important;border-top-color: #f5f5f5 !important;border-top-style: none !important;border-bottom-color: #f5f5f5 !important;border-bottom-style: none !important;}\u00a0\u00bb][vc_single_image image=\u00a0\u00bb1266&Prime; img_size=\u00a0\u00bbmedium\u00a0\u00bb onclick=\u00a0\u00bbcustom_link\u00a0\u00bb link=\u00a0\u00bbhttps:\/\/swistec.ch\/fr\/leistungstransformatoren\/\u00a0\u00bb title=\u00a0\u00bbTransformateurs avec puissance\u00a0\u00bb css=\u00a0\u00bb.vc_custom_1465735890443{margin-top: 5px !important;margin-bottom: 15px !important;}\u00a0\u00bb][vc_column_text css=\u00a0\u00bb.vc_custom_1465739505262{margin-top: 0px !important;margin-bottom: 10px !important;padding-right: 5px !important;padding-left: 5px !important;}\u00a0\u00bb]Swistec Systems SA reprend la repr\u00e9sentation suisse de la soci\u00e9t\u00e9 Kollektor ETRA. Le nom ETRA est synonyme d\u2019exp\u00e9rience, de qualit\u00e9 et de flexibilit\u00e9.<\/p>\n<p>ETRA, dont le si\u00e8ge est \u00e9tabli en Slov\u00e9nie, agit dans le secteur des <a title=\"Transformateurs\" href=\"https:\/\/swistec.ch\/fr\/leistungstransformatoren\/\"><strong>transformateurs de puissance<\/strong><\/a> depuis pr\u00e8s de 50 ans. Plusieurs \u00e9quipes de service apr\u00e8s-vente assurent une assistance rapide et comp\u00e9tente dans toute l\u2019Europe. La longue liste de r\u00e9f\u00e9rences englobe des installations dans le monde entier.[\/vc_column_text][vc_btn title=\u00a0\u00bbEn savoir plus &#8230;\u00a0\u00bb color=\u00a0\u00bbprimary\u00a0\u00bb i_type=\u00a0\u00bbtypicons\u00a0\u00bb i_icon_typicons=\u00a0\u00bbtypcn typcn-flash\u00a0\u00bb add_icon=\u00a0\u00bbtrue\u00a0\u00bb link=\u00a0\u00bburl:https%3A%2F%2Fswistec.ch%2Ffr%2Fleistungstransformatoren%2F|title:Transformateurs%20avec%20puissance||\u00a0\u00bb css=\u00a0\u00bb.vc_custom_1473341058084{margin-left: 5px !important;}\u00a0\u00bb][\/vc_column][\/vc_row][vc_row][vc_column][vc_separator border_width=\u00a0\u00bb2&Prime;][blog count=\u00a0\u00bb1&Prime; columns=\u00a0\u00bb2&Prime; more=\u00a0\u00bb0&Prime; filters=\u00a0\u00bb0&Prime; pagination=\u00a0\u00bb0&Prime; greyscale=\u00a0\u00bb0&Prime; margin=\u00a0\u00bb0&Prime;][\/vc_column][\/vc_row][vc_row gap=\u00a0\u00bb15&Prime; equal_height=\u00a0\u00bbyes\u00a0\u00bb content_placement=\u00a0\u00bbtop\u00a0\u00bb][vc_column width=\u00a0\u00bb1\/3&Prime; css=\u00a0\u00bb.vc_custom_1464105067062{background-color: #f5f5f5 !important;border: 1px solid #ededed !important;}\u00a0\u00bb][vc_column_text css=\u00a0\u00bb.vc_custom_1465738046120{margin-top: 0px !important;margin-right: 5px !important;margin-left: 5px !important;padding-top: -10px !important;}\u00a0\u00bb]<\/p>\n<h2>Prestations<\/h2>\n<p>Chez Swistec Systems AG, votre projet de t\u00e9l\u00e9commande centralis\u00e9e est dans de bonnes mains \u2013\u00a0nous trouvons la meilleure solution.[\/vc_column_text][vc_btn title=\u00a0\u00bbEn savoir plus &#8230;\u00a0\u00bb color=\u00a0\u00bbprimary\u00a0\u00bb i_icon_fontawesome=\u00a0\u00bbfa fa-bullseye\u00a0\u00bb add_icon=\u00a0\u00bbtrue\u00a0\u00bb link=\u00a0\u00bburl:https%3A%2F%2Fswistec.ch%2Ffr%2Fdienstleistungen%2F|title:Prestations||\u00a0\u00bb css=\u00a0\u00bb.vc_custom_1473341085475{margin-top: -18px !important;margin-right: 5px !important;margin-bottom: 9px !important;margin-left: 5px !important;}\u00a0\u00bb][\/vc_column][vc_column width=\u00a0\u00bb1\/3&Prime; css=\u00a0\u00bb.vc_custom_1464619697979{border-top-width: 1px !important;border-right-width: 1px !important;border-bottom-width: 1px !important;border-left-width: 1px !important;background-color: #f5f5f5 !important;}\u00a0\u00bb][vc_column_text css=\u00a0\u00bb.vc_custom_1465736629949{margin-top: 0px !important;margin-right: 5px !important;margin-left: 5px !important;padding-top: -10px !important;}\u00a0\u00bb]<\/p>\n<h2>Support<\/h2>\n<p>Avec une installation de t\u00e9l\u00e9commande centralis\u00e9e de Swistec, vous profitez de notre service complet. Nous r\u00e9pondons \u00e0 vos appels 24 heures sur 24, 7 jours sur 7.[\/vc_column_text][vc_btn title=\u00a0\u00bbEn savoir plus &#8230;\u00a0\u00bb color=\u00a0\u00bbprimary\u00a0\u00bb i_icon_fontawesome=\u00a0\u00bbfa fa-phone\u00a0\u00bb add_icon=\u00a0\u00bbtrue\u00a0\u00bb link=\u00a0\u00bburl:https%3A%2F%2Fswistec.ch%2Ffr%2Fsupport%2F|title:Support||\u00a0\u00bb css=\u00a0\u00bb.vc_custom_1473341116835{margin-top: -18px !important;margin-right: 5px !important;margin-bottom: 9px !important;margin-left: 5px !important;}\u00a0\u00bb][\/vc_column][vc_column width=\u00a0\u00bb1\/3&Prime; css=\u00a0\u00bb.vc_custom_1464107470760{border-width: 1px !important;background-color: #f5f5f5 !important;}\u00a0\u00bb][vc_column_text css=\u00a0\u00bb.vc_custom_1465737994120{margin-top: 0px !important;margin-right: 5px !important;margin-left: 5px !important;padding-top: -10px !important;}\u00a0\u00bb]<\/p>\n<h2>Formations<\/h2>\n<p>Les cours de formation sont tous en langue allemande. Pour des cours en langue fran\u00e7aise veuillez prendre contact avec nous.[\/vc_column_text][vc_btn title=\u00a0\u00bbEn savoir plus &#8230;\u00a0\u00bb color=\u00a0\u00bbprimary\u00a0\u00bb i_icon_fontawesome=\u00a0\u00bbfa fa-calendar\u00a0\u00bb add_icon=\u00a0\u00bbtrue\u00a0\u00bb link=\u00a0\u00bburl:https%3A%2F%2Fswistec.ch%2Ffr%2Fschulungen%2F|title:Formations||\u00a0\u00bb css=\u00a0\u00bb.vc_custom_1473341139860{margin-top: -18px !important;margin-right: 5px !important;margin-bottom: 9px !important;margin-left: 5px !important;}\u00a0\u00bb][\/vc_column][\/vc_row][vc_row css=\u00a0\u00bb.vc_custom_1464106158041{margin-top: 27px !important;margin-bottom: 27px !important;}\u00a0\u00bb][vc_column][vc_separator color=\u00a0\u00bbcustom\u00a0\u00bb style=\u00a0\u00bbdotted\u00a0\u00bb accent_color=\u00a0\u00bb#4b90c8&Prime;][\/vc_column][\/vc_row]<\/p>\n<\/section>","protected":false},"excerpt":{"rendered":"<p>[vc_row css=\u00a0\u00bb.vc_custom_1464107759353{margin-bottom: 0px !important;}\u00a0\u00bb][vc_column css=\u00a0\u00bb.vc_custom_1464107786292{margin-bottom: 0px !important;}\u00a0\u00bb][vc_column_text css=\u00a0\u00bb.vc_custom_1527837056604{margin-top: 0px !important;margin-right: 0px !important;margin-bottom: 0px !important;margin-left: 0px !important;}\u00a0\u00bb] Syst\u00e8mes pour la gestion d\u2019\u00e9nergie Swistec Systems AG, situ\u00e9e \u00e0 Fehraltorf, est une entreprise<\/p>\n","protected":false},"author":4,"featured_media":1540,"parent":0,"menu_order":2,"comment_status":"closed","ping_status":"closed","template":"","meta":{"_links_to":"","_links_to_target":""},"acf":[],"aioseo_notices":[],"_links":{"self":[{"href":"https:\/\/swistec.ch\/fr\/wp-json\/wp\/v2\/pages\/1876"}],"collection":[{"href":"https:\/\/swistec.ch\/fr\/wp-json\/wp\/v2\/pages"}],"about":[{"href":"https:\/\/swistec.ch\/fr\/wp-json\/wp\/v2\/types\/page"}],"author":[{"embeddable":true,"href":"https:\/\/swistec.ch\/fr\/wp-json\/wp\/v2\/users\/4"}],"replies":[{"embeddable":true,"href":"https:\/\/swistec.ch\/fr\/wp-json\/wp\/v2\/comments?post=1876"}],"version-history":[{"count":19,"href":"https:\/\/swistec.ch\/fr\/wp-json\/wp\/v2\/pages\/1876\/revisions"}],"predecessor-version":[{"id":4184,"href":"https:\/\/swistec.ch\/fr\/wp-json\/wp\/v2\/pages\/1876\/revisions\/4184"}],"wp:featuredmedia":[{"embeddable":true,"href":"https:\/\/swistec.ch\/fr\/wp-json\/wp\/v2\/media\/1540"}],"wp:attachment":[{"href":"https:\/\/swistec.ch\/fr\/wp-json\/wp\/v2\/media?parent=1876"}],"curies":[{"name":"wp","href":"https:\/\/api.w.org\/{rel}","templated":true}]}}

<section class="wpb-content-wrapper"><p>[vc_row css= ».vc_custom_1464107759353{margin-bottom: 0px !important;} »][vc_column css= ».vc_custom_1464107786292{margin-bottom: 0px !important;} »][vc_column_text css= ».vc_custom_1527837056604{margin-top: 0px !important;margin-right: 0px !important;margin-bottom: 0px !important;margin-left: 0px !important;} »]</p>
<h1 class="vc_custom_heading">Systèmes pour la gestion d’énergie</h1>
<p>Swistec Systems AG, située à Fehraltorf, est une entreprise performante dans le domaine de la télécommande centralisée à fréquence musicale et de la gestion de charge, active sur les marchés suisse et international.[/vc_column_text][/vc_column][/vc_row][vc_row gap= »5&Prime; equal_height= »yes »][vc_column width= »1/3&Prime; css= ».vc_custom_1464608746579{border-top-width: 0px !important;border-right-width: 0px !important;border-bottom-width: 0px !important;border-left-width: 0px !important;border-left-color: #f5f5f5 !important;border-left-style: none !important;border-right-color: #f5f5f5 !important;border-right-style: none !important;border-top-color: #f5f5f5 !important;border-top-style: none !important;border-bottom-color: #f5f5f5 !important;border-bottom-style: none !important;} »][vc_single_image image= »1265&Prime; img_size= »medium » onclick= »custom_link » link= »https://swistec.ch/fr/rundsteuerung/ » title= »Télécommande centralisée » css= ».vc_custom_1465735619849{margin-top: 5px !important;margin-bottom: 15px !important;} »][vc_column_text css= ».vc_custom_1465739365547{margin-top: 0px !important;margin-bottom: 10px !important;padding-right: 5px !important;padding-left: 5px !important;} »]Grace à nos <a title="Télécommande" href="https://swistec.ch/fr/rundsteuerung/"><strong>systèmes de télécommande centralisée</strong></a>, vous commutez des charges électriques tels que des chauffe-eaux, pompes à chaleur et les éclairages publics de manière rapide et extrêmement fiable, et optimisez la gestion de votre réseau de distribution.</p>
<p>Notre gamme s’étend des systèmes compacts pour un seul point d’injection jusqu’à des systèmes complexes centralisées ou décentralisées avec plus de 100 émetteurs TCC et plusieurs salles de commande ou places de travail distants. Options utiles telles que le régulateur de charge complètent notre gamme.[/vc_column_text][vc_btn title= »En savoir plus &#8230; » color= »primary » i_type= »typicons » i_icon_typicons= »typcn typcn-arrow-loop » add_icon= »true » link= »url:https%3A%2F%2Fswistec.ch%2Ffr%2Frundsteuerung%2F|title:T%C3%A9l%C3%A9commande%20centralis%C3%A9e|| » css= ».vc_custom_1473340997321{margin-left: 5px !important;} »][/vc_column][vc_column width= »1/3&Prime; css= ».vc_custom_1464611073529{border-width: 0px !important;} »][vc_single_image image= »1430&Prime; img_size= »medium » onclick= »custom_link » link= »https://swistec.ch/fr/smarte-loesungen/ » title= »Smartes Solutions » css= ».vc_custom_1465739832183{margin-top: 5px !important;margin-bottom: 15px !important;} »][vc_column_text css= ».vc_custom_1513869755842{margin-top: 0px !important;margin-bottom: 10px !important;padding-right: 5px !important;padding-left: 5px !important;} »]Créez la base idéale pour votre Smart Grid, Smart Metering et Smart Home. Le système <a title="CPL" href="https://swistec.ch/fr/smarte-loesungen/"><strong>courant porteur à large bande</strong></a> de notre partenaire « Power Plus Communications SA » permet la communication bidirectionnelle par les réseaux moyenne et basse tension déjà existants. Basé sur IP, évolutif, rentable et pérenne.</p>
<p>Grâce à la plate-forme logicielle <a href="http://www.swistec.ch/fr/rks/" rel="noopener"><strong>RKS+</strong></a>, vous maîtrisez à tout moment vos charges et vos générateurs. Le système RKS+ contrôle et coordonne les interrupteurs de charge via TCP/IP, en tant que Système Smart Grid autonome ou comme extension d&rsquo;un système de télécommande centralisée existant.[/vc_column_text][vc_btn title= »En savoir plus &#8230; » color= »primary » i_type= »typicons » i_icon_typicons= »typcn typcn-lightbulb » add_icon= »true » link= »url:https%3A%2F%2Fswistec.ch%2Ffr%2Fsmarte-loesungen%2F|title:Smart%20Grid|| » css= ».vc_custom_1473341022837{margin-left: 5px !important;} »][/vc_column][vc_column width= »1/3&Prime; css= ».vc_custom_1464608733906{border-top-width: 0px !important;border-right-width: 0px !important;border-bottom-width: 0px !important;border-left-width: 0px !important;border-left-color: #f5f5f5 !important;border-left-style: none !important;border-right-color: #f5f5f5 !important;border-right-style: none !important;border-top-color: #f5f5f5 !important;border-top-style: none !important;border-bottom-color: #f5f5f5 !important;border-bottom-style: none !important;} »][vc_single_image image= »1266&Prime; img_size= »medium » onclick= »custom_link » link= »https://swistec.ch/fr/leistungstransformatoren/ » title= »Transformateurs avec puissance » css= ».vc_custom_1465735890443{margin-top: 5px !important;margin-bottom: 15px !important;} »][vc_column_text css= ».vc_custom_1465739505262{margin-top: 0px !important;margin-bottom: 10px !important;padding-right: 5px !important;padding-left: 5px !important;} »]Swistec Systems SA reprend la représentation suisse de la société Kollektor ETRA. Le nom ETRA est synonyme d’expérience, de qualité et de flexibilité.</p>
<p>ETRA, dont le siège est établi en Slovénie, agit dans le secteur des <a title="Transformateurs" href="https://swistec.ch/fr/leistungstransformatoren/"><strong>transformateurs de puissance</strong></a> depuis près de 50 ans. Plusieurs équipes de service après-vente assurent une assistance rapide et compétente dans toute l’Europe. La longue liste de références englobe des installations dans le monde entier.[/vc_column_text][vc_btn title= »En savoir plus &#8230; » color= »primary » i_type= »typicons » i_icon_typicons= »typcn typcn-flash » add_icon= »true » link= »url:https%3A%2F%2Fswistec.ch%2Ffr%2Fleistungstransformatoren%2F|title:Transformateurs%20avec%20puissance|| » css= ».vc_custom_1473341058084{margin-left: 5px !important;} »][/vc_column][/vc_row][vc_row][vc_column][vc_separator border_width= »2&Prime;][blog count= »1&Prime; columns= »2&Prime; more= »0&Prime; filters= »0&Prime; pagination= »0&Prime; greyscale= »0&Prime; margin= »0&Prime;][/vc_column][/vc_row][vc_row gap= »15&Prime; equal_height= »yes » content_placement= »top »][vc_column width= »1/3&Prime; css= ».vc_custom_1464105067062{background-color: #f5f5f5 !important;border: 1px solid #ededed !important;} »][vc_column_text css= ».vc_custom_1465738046120{margin-top: 0px !important;margin-right: 5px !important;margin-left: 5px !important;padding-top: -10px !important;} »]</p>
<h2>Prestations</h2>
<p>Chez Swistec Systems AG, votre projet de télécommande centralisée est dans de bonnes mains – nous trouvons la meilleure solution.[/vc_column_text][vc_btn title= »En savoir plus &#8230; » color= »primary » i_icon_fontawesome= »fa fa-bullseye » add_icon= »true » link= »url:https%3A%2F%2Fswistec.ch%2Ffr%2Fdienstleistungen%2F|title:Prestations|| » css= ».vc_custom_1473341085475{margin-top: -18px !important;margin-right: 5px !important;margin-bottom: 9px !important;margin-left: 5px !important;} »][/vc_column][vc_column width= »1/3&Prime; css= ».vc_custom_1464619697979{border-top-width: 1px !important;border-right-width: 1px !important;border-bottom-width: 1px !important;border-left-width: 1px !important;background-color: #f5f5f5 !important;} »][vc_column_text css= ».vc_custom_1465736629949{margin-top: 0px !important;margin-right: 5px !important;margin-left: 5px !important;padding-top: -10px !important;} »]</p>
<h2>Support</h2>
<p>Avec une installation de télécommande centralisée de Swistec, vous profitez de notre service complet. Nous répondons à vos appels 24 heures sur 24, 7 jours sur 7.[/vc_column_text][vc_btn title= »En savoir plus &#8230; » color= »primary » i_icon_fontawesome= »fa fa-phone » add_icon= »true » link= »url:https%3A%2F%2Fswistec.ch%2Ffr%2Fsupport%2F|title:Support|| » css= ».vc_custom_1473341116835{margin-top: -18px !important;margin-right: 5px !important;margin-bottom: 9px !important;margin-left: 5px !important;} »][/vc_column][vc_column width= »1/3&Prime; css= ».vc_custom_1464107470760{border-width: 1px !important;background-color: #f5f5f5 !important;} »][vc_column_text css= ».vc_custom_1465737994120{margin-top: 0px !important;margin-right: 5px !important;margin-left: 5px !important;padding-top: -10px !important;} »]</p>
<h2>Formations</h2>
<p>Les cours de formation sont tous en langue allemande. Pour des cours en langue française veuillez prendre contact avec nous.[/vc_column_text][vc_btn title= »En savoir plus &#8230; » color= »primary » i_icon_fontawesome= »fa fa-calendar » add_icon= »true » link= »url:https%3A%2F%2Fswistec.ch%2Ffr%2Fschulungen%2F|title:Formations|| » css= ».vc_custom_1473341139860{margin-top: -18px !important;margin-right: 5px !important;margin-bottom: 9px !important;margin-left: 5px !important;} »][/vc_column][/vc_row][vc_row css= ».vc_custom_1464106158041{margin-top: 27px !important;margin-bottom: 27px !important;} »][vc_column][vc_separator color= »custom » style= »dotted » accent_color= »#4b90c8&Prime;][/vc_column][/vc_row]</p>
</section>

<p>[vc_row css= ».vc_custom_1464107759353{margin-bottom: 0px !important;} »][vc_column css= ».vc_custom_1464107786292{margin-bottom: 0px !important;} »][vc_column_text css= ».vc_custom_1527837056604{margin-top: 0px !important;margin-right: 0px !important;margin-bottom: 0px !important;margin-left: 0px !important;} »] Systèmes pour la gestion d’énergie Swistec Systems AG, située à Fehraltorf, est une entreprise</p>
